{"id":59694,"date":"2026-04-29T11:28:13","date_gmt":"2026-04-29T11:28:13","guid":{"rendered":"https:\/\/musabelliu.com\/koleksioni-i-veres\/"},"modified":"2026-04-29T11:39:45","modified_gmt":"2026-04-29T11:39:45","slug":"koleksioni-i-veres","status":"publish","type":"page","link":"https:\/\/musabelliu.com\/sq\/koleksioni-i-veres\/","title":{"rendered":"Koleksioni i Ver\u00ebs"},"content":{"rendered":"\t\t<div data-elementor-type=\"wp-page\" data-elementor-id=\"59694\" class=\"elementor elementor-59694 elementor-59688\">\n\t\t\t\t<div class=\"elementor-element elementor-element-674a47f4 e-flex e-con-boxed e-con e-parent\" data-id=\"674a47f4\" data-element_type=\"container\" data-e-type=\"container\">\n\t\t\t\t\t<div class=\"e-con-inner\">\n\t\t\t\t<div class=\"elementor-element elementor-element-7bd191ca elementor-widget__width-initial elementor-widget elementor-widget-text-editor\" data-id=\"7bd191ca\" data-element_type=\"widget\" data-e-type=\"widget\" data-widget_type=\"text-editor.default\">\n\t\t\t\t<div class=\"elementor-widget-container\">\n\t\t\t\t\t\t\t\t\t\n<p class=\"has-text-align-center\">Koleksioni i Ver\u00ebs vjen s\u00eb shpejti, duke sjell\u00eb stile t\u00eb reja e t\u00eb fresk\u00ebta t\u00eb krijuara p\u00ebr sezonin.<\/p>\n\n<p> <\/p>\n\t\t\t\t\t\t\t\t<\/div>\n\t\t\t\t<\/div>\n\t\t\t\t\t<\/div>\n\t\t\t\t<\/div>\n\t\t\t\t<\/div>\n\t\t","protected":false},"excerpt":{"rendered":"<p>Koleksioni i Ver\u00ebs vjen s\u00eb shpejti, duke sjell\u00eb stile t\u00eb reja e t\u00eb fresk\u00ebta t\u00eb krijuara p\u00ebr sezonin.<\/p>\n","protected":false},"author":1693,"featured_media":0,"parent":0,"menu_order":0,"comment_status":"closed","ping_status":"closed","template":"","meta":{"footnotes":""},"class_list":["post-59694","page","type-page","status-publish","hentry"],"_links":{"self":[{"href":"https:\/\/musabelliu.com\/sq\/wp-json\/wp\/v2\/pages\/59694","targetHints":{"allow":["GET"]}}],"collection":[{"href":"https:\/\/musabelliu.com\/sq\/wp-json\/wp\/v2\/pages"}],"about":[{"href":"https:\/\/musabelliu.com\/sq\/wp-json\/wp\/v2\/types\/page"}],"author":[{"embeddable":true,"href":"https:\/\/musabelliu.com\/sq\/wp-json\/wp\/v2\/users\/1693"}],"replies":[{"embeddable":true,"href":"https:\/\/musabelliu.com\/sq\/wp-json\/wp\/v2\/comments?post=59694"}],"version-history":[{"count":1,"href":"https:\/\/musabelliu.com\/sq\/wp-json\/wp\/v2\/pages\/59694\/revisions"}],"predecessor-version":[{"id":59695,"href":"https:\/\/musabelliu.com\/sq\/wp-json\/wp\/v2\/pages\/59694\/revisions\/59695"}],"wp:attachment":[{"href":"https:\/\/musabelliu.com\/sq\/wp-json\/wp\/v2\/media?parent=59694"}],"curies":[{"name":"wp","href":"https:\/\/api.w.org\/{rel}","templated":true}]}}

Koleksioni i Verës

<div data-elementor-type="wp-page" data-elementor-id="59694" class="elementor elementor-59694 elementor-59688">
				<div class="elementor-element elementor-element-674a47f4 e-flex e-con-boxed e-con e-parent" data-id="674a47f4" data-element_type="container" data-e-type="container">
					<div class="e-con-inner">
				<div class="elementor-element elementor-element-7bd191ca elementor-widget__width-initial elementor-widget elementor-widget-text-editor" data-id="7bd191ca" data-element_type="widget" data-e-type="widget" data-widget_type="text-editor.default">
				<div class="elementor-widget-container">
									
<p class="has-text-align-center">Koleksioni i Verës vjen së shpejti, duke sjellë stile të reja e të freskëta të krijuara për sezonin.</p>

<p> </p>
								</div>
				</div>
					</div>
				</div>
				</div>

<p>Koleksioni i Verës vjen së shpejti, duke sjellë stile të reja e të freskëta të krijuara për sezonin.</p>
